p(g) = -20573*g**2 + 864076*g - 421. Calculate p(42).
-1
Let q(h) = -h**3 + 6*h**2 + 19*h - 78. Determine q(3).
6
Let x(b) = b**3 - 93*b**2 + 1989*b - 354. Calculate x(33).
-57
Let x(k) = -10*k**3 + 118*k**2 + 1928*k + 35. What is x(21)?
-49
Let y(q) = 64649*q + 7240724. Determine y(-112).
36
Let q(j) = j**3 + 29*j**2 + 2813*j + 18616. Determine q(-7).
3
Let l(n) = 6801*n + 86466. Calculate l(-13).
-1947
Let f(x) = x**3 - 474*x**2 - 2411*x + 7663. What is f(479)?
-1
Let m(k) = -3*k**3 + 55*k**2 + 167*k - 2352. Calculate m(19).
99
Let c(y) = -56*y**2 - 5505*y - 1330. Calculate c(-98).
336
Let m(b) = 189*b**2 + 1275*b - 36898. Calculate m(11).
-4
Let v(h) = 107*h + 14064. Determine v(-127).
475
Let k(z) = -z**3 - 36*z**2 - 337*z - 39. Calculate k(-21).
423
Let w(q) = -q**3 - 12*q**2 - 523*q - 6171. Give w(-12).
105
Let c(t) = 3281*t + 75479. Calculate c(-23).
16
Let t(v) = -17*v - 387. What is t(-2)?
-353
Let c(a) = -2*a**3 + 14*a**2 + 4*a + 88. Calculate c(12).
-1304
Let k(o) = o**3 + 54*o**2 - 234*o + 138. Calculate k(-58).
254
Let l(n) = n**3 + 49*n**2 - 4297*n - 198733. Determine l(-44).
15
Let v(i) = -17*i**2 + 231*i + 4597. Determine v(-11).
-1
Let p(o) = -3*o**3 - 377*o**2 + 1165*o - 82. Calculate p(3).
-61
Let f(h) = h**3 + 24*h**2 + 45*h + 148. Give f(-23).
-358
Let q(n) = -126*n**2 + 4026*n + 190. Give q(32).
-2
Let p(l) = -12820*l + 4410052. What is p(344)?
-28
Let a(q) = -141*q**2 + 3680*q - 704. Calculate a(26).
-340
Let g(a) = a**3 + 21*a**2 - 10383*a - 228305. Determine g(-22).
-363
Let l(c) = 2*c**2 - 153*c - 1488. Give l(86).
146
Let i(y) = 7*y**2 + 193*y + 54. Calculate i(-26).
-232
Let i(p) = -11811*p - 70876. Give i(-6).
-10
Let i(m) = 2*m**3 - 167*m**2 + 312*m - 33194. Calculate i(84).
70
Let l(k) = -146004*k + 5256112. Determine l(36).
-32
Let c(v) = -7*v**3 - 319*v**2 + 138*v + 119. What is c(-46)?
119
Let h(v) = 3658*v - 917879. Calculate h(251).
279
Let z(s) = -182126*s - 2549841. Give z(-14).
-77
Let n(z) = z**2 + 1147*z - 118140. What is n(95)?
-150
Let v(m) = 144238*m + 5192532. What is v(-36)?
-36
Let a(q) = -q**2 + 9910*q - 108932. Calculate a(11).
-43
Let g(l) = -120*l + 2929. What is g(24)?
49
Let k(z) = z**3 - 21*z**2 - 94*z + 19. Calculate k(-4).
-5
Let a(k) = -2*k**3 - 419*k**2 + 1767*k + 412998. Give a(-209).
14
Let f(p) = 1053*p + 6854. Give f(-7).
-517
Let h(g) = 38318*g - 153265. What is h(4)?
7
Let d(k) = -1019*k**2 + 10228*k - 4. Determine d(10).
376
Let y(w) = -9261*w - 213173. Give y(-23).
-170
Let g(b) = -2722*b + 49103. Calculate g(18).
107
Let u(p) = 49969*p + 349789. Give u(-7).
6
Let g(i) = -52*i**2 + 6685*i - 163968. Give g(33).
9
Let k(r) = r**2 + 49*r - 12401. Give k(-139).
109
Let g(x) = 2*x**3 + 128*x**2 + 95*x - 1951. Determine g(-63).
2
Let p(d) = 150*d**3 - 4653*d**2 + 119*d - 812. Give p(31).
-6
Let n(l) = -4*l**3 - 22*l**2 + 104*l + 8. Calculate n(7).
-1714
Let a(j) = j**3 + 12*j**2 - 41*j - 17. Calculate a(-18).
-1223
Let a(b) = -84*b**2 + 3877*b - 578. Give a(46).
20
Let i(j) = -121946*j - 9. Calculate i(0).
-9
Let u(a) = 26864*a + 215179. Give u(-8).
267
Let k(a) = 8*a**3 + 1023*a**2 - 106*a + 2862. Calculate k(-128).
46
Let w(s) = -s**3 - 42*s**2 - 203*s - 84. Determine w(-39).
3270
Let t(u) = 2*u**3 + 6*u**2 + 809*u - 4376. Give t(5).
69
Let f(o) = -4*o**3 - 1836*o**2 + 2936*o - 346668. Determine f(-461).
4
Let j(b) = 300*b**2 + 87*b + 88. Give j(-1).
301
Let j(s) = 5*s**3 - 55*s**2 - 32*s + 74. Calculate j(11).
-278
Let l(b) = -b**3 + 163*b**2 + 8*b - 500. Give l(163).
804
Let j(v) = 4*v**3 - 35*v**2 + 167*v - 217. Determine j(2).
9
Let o(q) = -3*q**3 + 182*q**2 - 1703*q + 107623. Calculate o(61).
19
Let y(z) = 3*z**3 - 25*z**2 + 52*z - 222. What is y(8)?
130
Let g(l) = l**2 + 235*l + 12528. Give g(-84).
-156
Let w(i) = 572415*i + 4006876. Give w(-7).
-29
Let r(k) = -5*k**2 - 1766*k + 23766. Calculate r(13).
-37
Let k(q) = -76*q**3 - 213*q**2 + 33*q + 80. Determine k(-3).
116
Let g(l) = -l**3 + 59*l**2 + 15348*l - 893548. Calculate g(58).
0
Let v(p) = 2596*p - 108897. Give v(42).
135
Let x(w) = -10121*w + 890759. What is x(88)?
111
Let g(i) = -15184*i - 61728. Give g(-4).
-992
Let a(s) = 25*s**2 + 501*s - 1979. Give a(3).
-251
Let c(z) = -313*z + 5331. Calculate c(17).
10
Let y(j) = -3734*j + 4535. Determine y(2).
-2933
Let m(c) = -200624*c + 1604987. Determine m(8).
-5
Let j(w) = 44149*w - 2207353. Give j(50).
97
Let v(j) = -88444*j + 795997. Determine v(9).
1
Let p(i) = i**3 + 10*i**2 - 603*i + 1441. Determine p(-31).
-47
Let o(b) = -b**3 - 33*b**2 + 184*b + 6257. Determine o(-33).
185
Let y(q) = -4018*q + 10491. Determine y(3).
-1563
Let b(v) = 373*v + 12177. Determine b(-35).
-878
Let p(g) = -g**3 + 527*g**2 + 3270*g - 38382. Give p(533).
-6
Let q(y) = 232*y**2 - 64*y - 134. What is q(-2)?
922
Let v(b) = -5*b**3 - 46*b**2 - 112*b - 12. What is v(-4)?
20
Let q(k) = 5*k**3 - 424*k**2 + 1620*k + 95. Determine q(4).
111
Let n(f) = -5*f**2 - 173*f + 2291. Calculate n(-45).
-49
Let v(s) = 2*s**3 + 278*s**2 - 23*s - 3989. Calculate v(-139).
-792
Let p(h) = 788*h - 29513. What is p(38)?
431
Let b(y) = -92*y**2 - 382*y - 1578. Determine b(-4).
-1522
Let x(g) = 4*g**3 + 320*g**2 + 1604*g + 30. What is x(-5)?
-490
Let z(n) = -88*n - 1167. Determine z(-18).
417
Let b(m) = -113*m**2 - 99*m - 208. Determine b(-3).
-928
Let n(f) = -2*f**3 - 104*f**2 + 17080*f - 9. What is n(-122)?
-9
Let p(y) = -33*y**2 + 106*y - 343. Give p(3).
-322
Let o(n) = -325*n + 5274. Give o(17).
-251
Let w(l) = -3708*l + 956591. What is w(258)?
-73
Let n(c) = 2*c**3 - 177*c**2 + 275*c - 501. Determine n(87).
717
Let k(v) = v**3 - 9*v**2 + 360*v - 1701. Calculate k(5).
-1
Let p(q) = -1933*q - 69592. Determine p(-36).
-4
Let z(j) = 9793*j**2 - 332963*j + 42. Determine z(34).
8
Let z(k) = 7990*k - 327588. Calculate z(41).
2
Let f(u) = 40*u + 68. What is f(-14)?
-492
Let o(i) = -i**3 - 11*i**2 - 64*i - 142. Calculate o(-11).
562
Let l(x) = -23*x**2 - 285*x + 440. Calculate l(-13).
258
Let z(o) = 2*o**3 + 248*o**2 - 5757*o - 39. Give z(20).
21
Let d(s) = -4*s**2 + 1514*s + 12360. Give d(-8).
-8
Let u(s) = -s**2 + 29947*s + 8280564. Determine u(-274).
10
Let s(k) = 50*k - 1342. What is s(14)?
-642
Let k(y) = -55*y - 6761. What is k(-138)?
829
Let c(k) = -k**2 - 82*k + 72. Calculate c(-15).
1077
Let l(w) = -6242*w - 2646588. Calculate l(-424).
20
Let b(k) = 87*k**2 - 99*k + 9. Determine b(2).
159
Let y(s) = 222*s - 4473. Calculate y(20).
-33
Let a(y) = 2250*y**2 - 8692*y + 3. Give a(4).
1235
Let i(z) = -536*z + 10781. Determine i(20).
61
Let r(y) = -41570*y - 4323287. What is r(-104)?
-7
Let d(h) = 10069*h - 191300. Give d(19).
11
Let w(o) = 47321*o + 2176759. Determine w(-46).
-7
Let m(k) = k**3 - 30*k**2 - 76*k - 583. Calculate m(33).
176
Let n(c) = 7*c**2 - 7*c - 27. Calculate n(-9).
603
Let u(o) = -53*o**2 + 15056*o + 170806. Give u(295).
1
Let z(n) = n**3 - 3*n**2 + 277*n - 6840. Give z(15).
15
Let y(c) = -5*c**2 + 1051*c - 1147. Determine y(210).
-937
Let b(v) = -74*v**2 - 30*v + 92. Calculate b(-5).
-1608
Let f(q) = q**2 + 778*q - 21725. Calculate f(27).
10
Let c(r) = r**2 - 54*r - 369. Determine c(76).
1303
Let y(s) = 7*s**3 - 62*s**2 - 25*s + 160. Determine y(9).
16
Let g(j) = -j**2 - 312*j - 2025. Determine g(-7).
110
Let o(j) = -1524*j - 22940. What is o(-15)?
-80
Let l(k) = -2*k**2 - 247*k - 4935. Calculate l(-25).
-10
Let t(x) = 156*x**2 + 4374*x + 153. What is t(-28)?
-15
Let y(j) = -1525*j + 471217. Calculate y(309).
-8
Let c(a) = -104*a + 5133. What is c(48)?
141
Let o(m) = -m**3 + 33629*m + 134486. What is o(-4)?
34
Let y(c) = 110*c - 7317. Calculate y(63).
-387
Let w(b) = -4*b**2 + 699*b - 403. Determine w(166).
5407
Let o(i) = -8*i**3 - 21*i**2 + 207*i - 232. Calculate o(7).
-2556
Let c(x) = -335111*x + 670223. Give c(2).
1
Let g(y) = -y**2 - 522*y - 46802. Determine g(-115).
3
Let h(a) = -a**2 - 480*a - 48544. Calculate h(-145).
31
Let g(l) = 754*l + 1466. Determine g(-2).
-42
Let f(v) = 122638*v + 613197. Give f(-5).
7
Let j(c) = 4295*c - 1013. What is j(1)?
3282
Let x(q) = 57930*q + 3012418. Give x(-52).
58
Let a(s) = -129*s**2 + 3307*s - 10329. Give a(22).
-11
Let d(c) = c**2 - 89*c - 2999. Determine d(-27).
133
Let a(l) = -6113*l - 18437. Give a(-3).
-98
Let k(w) = -30*w - 729. What is k(-25)?
21